337
List the prime factors of 3198102268.
2, 19, 3643, 11551
What are the prime factors of 19179550?
2, 5, 13, 19, 1553
What are the prime factors of 4581534766?
2, 2290767383
List the prime factors of 83252215.
5, 16650443
What are the prime factors of 285574937?
285574937
What are the prime factors of 6932033687?
23, 521, 578489
What are the prime factors of 38471100?
2, 3, 5, 128237
List the prime factors of 400415554.
2, 7, 11, 37, 10039
What are the prime factors of 6647918071?
101, 65820971
List the prime factors of 350624669.
59, 103, 57697
What are the prime factors of 70858570?
2, 5, 101, 70157
List the prime factors of 97796381.
29, 101, 173, 193
What are the prime factors of 305700258?
2, 3, 5857, 8699
What are the prime factors of 1683268591?
1683268591
What are the prime factors of 58220276?
2, 14555069
List the prime factors of 202928824.
2, 7, 3623729
What are the prime factors of 188703547?
188703547
List the prime factors of 56821803.
3, 17, 911, 1223
What are the prime factors of 34416666?
2, 3, 79, 24203
What are the prime factors of 21869591?
769, 28439
What are the prime factors of 41852970?
2, 3, 5, 379, 409
What are the prime factors of 48354181?
48354181
What are the prime factors of 892070093?
67, 751, 17729
List the prime factors of 427518167.
427518167
What are the prime factors of 503231706?
2, 3, 149, 187633
What are the prime factors of 65383825?
5, 13, 23, 8747
What are the prime factors of 38697525?
3, 5, 17, 67, 151
List the prime factors of 356122406.
2, 557, 319679
List the prime factors of 115851097.
1993, 58129
What are the prime factors of 925361?
17, 29, 1877
What are the prime factors of 688443750?
2, 3, 5, 12239
What are the prime factors of 1927099729?
1927099729
List the prime factors of 38166870.
2, 3, 5, 7, 17, 10691
What are the prime factors of 112543555?
5, 19, 62351
What are the prime factors of 288508608?
2, 3, 199, 839
List the prime factors of 800531299.
3671, 218069
What are the prime factors of 71342551?
7, 1013, 10061
What are the prime factors of 2146173483?
3, 17, 139, 302747
What are the prime factors of 2814174182?
2, 79, 4073, 4373
What are the prime factors of 1429465193?
13, 269, 408769
List the prime factors of 1566158814.
2, 3, 11, 43, 757
List the prime factors of 495930424.
2, 11, 41, 137453
What are the prime factors of 4409155668?
2, 3, 31, 59, 200891
What are the prime factors of 1146145953?
3, 382048651
What are the prime factors of 691580464?
2, 53, 815543
List the prime factors of 373073976.
2, 3, 11, 17, 229
List the prime factors of 2423627725.
5, 53, 131, 13963
What are the prime factors of 58308372?
2, 3, 1619677
What are the prime factors of 9368060072?
2, 7, 167286787
What are the prime factors of 1120478?
2, 560239
What are the prime factors of 111661661?
17, 101, 65033
What are the prime factors of 692874769?
31, 22350799
What are the prime factors of 691212585?
3, 5, 7, 251, 26227
List the prime factors of 1779365850.
2, 3, 5, 11862439
What are the prime factors of 37134014?
2, 37, 317, 1583
List the prime factors of 56988152.
2, 13, 61, 691
What are the prime factors of 4309458111?
3, 7, 373, 183389
What are the prime factors of 1430471?
7, 204353
What are the prime factors of 170706917?
353, 461, 1049
List the prime factors of 63042209.
19, 3318011
What are the prime factors of 686333220?
2, 3, 5, 11438887
What are the prime factors of 2126776492?
2, 137, 433, 8963
List the prime factors of 4770147083.
13, 113, 3247207
What are the prime factors of 1610257851?
3, 43, 83, 50131
List the prime factors of 84601799.
1663, 50873
List the prime factors of 600399334.
2, 300199667
List the prime factors of 278268181.
3691, 75391
What are the prime factors of 5396665939?
7, 770952277
List the prime factors of 311455431.
3, 7, 4943737
List the prime factors of 106278657.
3, 4567, 7757
List the prime factors of 43693145.
5, 17, 113, 4549
List the prime factors of 17016237.
3, 7, 30011
List the prime factors of 104318054.
2, 127, 410701
What are the prime factors of 35483808?
2, 3, 113, 3271
What are the prime factors of 6907733?
7, 986819
What are the prime factors of 4427365938?
2, 3, 599, 1231877
List the prime factors of 336696607.
13, 25899739
What are the prime factors of 3119873817?
3, 13381, 77719
What are the prime factors of 6971092097?
17, 149, 2752109
What are the prime factors of 235880684?
2, 13, 4536167
What are the prime factors of 14823876?
2, 3, 19, 79, 823
What are the prime factors of 1107216938?
2, 449, 1232981
List the prime factors of 15271048.
2, 13, 146837
List the prime factors of 2331575232.
2, 3, 7, 247829
What are the prime factors of 1987352221?
1987352221
What are the prime factors of 3421870660?
2, 5, 13, 29, 41, 11069
What are the prime factors of 187098884?
2, 7, 6682103
What are the prime factors of 14701845?
3, 5, 167, 5869
What are the prime factors of 3194797?
3194797
What are the prime factors of 244300795?
5, 17, 107, 26861
What are the prime factors of 106286143?
1753, 60631
List the prime factors of 242346160.
2, 5, 7, 211, 293
What are the prime factors of 77400604?
2, 19, 1018429
List the prime factors of 12045573.
3, 1338397
List the prime factors of 2698336125.
3, 5, 799507
List the prime factors of 66568481.
7, 17, 73, 79, 97
What are the prime factors of 793660268?
2, 6761, 29347
List the prime factors of 501037450.
2, 5, 10020749
List the prime factors of 320313072.
2, 3, 677, 9857
List the prime factors of 851281200.
2, 3, 5, 7, 11, 37, 83
List the prime factors of 266299674.
2, 3, 41, 67, 107, 151
What are the prime factors of 1397098046?
2, 17, 3347, 12277
What are the prime factors of 596361128?
2, 11, 563, 12037
What are the prime factors of 371535176?
2, 46441897
What are the prime factors of 378177919?
7, 19, 1471, 1933
List the prime factors of 47201336.
2, 7, 13, 23, 2819
What are the prime factors of 3128912393?
3128912393
List the prime factors of 109581124.
2, 37, 797, 929
What are the prime factors of 30085335?
3, 5, 7, 149, 641
List the prime factors of 162733701.
3, 13, 83, 50273
What are the prime factors of 338350285?
5, 7, 13, 79, 9413
What are the prime factors of 461999705?
5, 92399941
What are the prime factors of 624271085?
5, 191, 653687
List the prime factors of 141759217.
853, 166189
List the prime factors of 514487907.
3, 53, 89, 12119
What are the prime factors of 26743138?
2, 13371569
What are the prime factors of 50213133?
3, 127, 197, 223
List the prime factors of 120641685.
3, 5, 8042779
List the prime factors of 22111895.
5, 13, 340183
What are the prime factors of 27093800?
2, 5, 135469
List the prime factors of 278732850.
2, 3, 5, 11, 17, 19, 523
What are the prime factors of 89767619?
131, 685249
List the prime factors of 2064508402.
2, 11, 93841291
What are the prime factors of 42797071?
41, 1043831
What are the prime factors of 429344943?
3, 143114981
What are the prime factors of 39106855?
5, 7821371
List the prime factors of 64162116.
2, 3, 1782281
List the prime factors of 47505168.
2, 3, 19, 97, 179
What are the prime factors of 71031903?
3, 23677301
What are the prime factors of 185756970?
2, 3, 5, 7, 23, 38459
List the prime factors of 2951674103.
7, 2953, 20399
What are the prime factors of 76298301?
3, 2825863
What are the prime factors of 259884315?
3, 5, 31, 62099
List the prime factors of 619993872.
2, 3, 1435171
List the prime factors of 458897467.
7, 179, 366239
List the prime factors of 832185668.
2, 61, 3410597
What are the prime factors of 73713299?
11, 167, 40127
What are the prime factors of 3924555701?
11, 31, 37, 73, 4261
List the prime factors of 3979949290.
2, 5, 1523, 261323
What are the prime factors of 2706206434?
2, 1353103217
List the prime factors of 281930634.
2, 3, 29, 71, 7607
List the prime factors of 100401679.
7, 14343097
What are the prime factors of 233960965?
5, 7, 19, 41, 8581
List the prime factors of 100285002.
2, 3, 19, 97, 3023
What are the prime factors of 47640086?
2, 13, 17, 8291
What are the prime factors of 795001565?
5, 67, 2373139
List the prime factors of 362741748.
2, 3, 30228479
What are the prime factors of 109393878?
2, 3, 11, 17, 97499
What are the prime factors of 228682992?
2, 3, 4764229
What are the prime factors of 1260778841?